{"id":8400,"date":"2025-09-26T11:37:21","date_gmt":"2025-09-26T14:37:21","guid":{"rendered":"https:\/\/www.floriculturacheiroverde.com\/novo\/?post_type=product&#038;p=8400"},"modified":"2025-09-26T11:37:21","modified_gmt":"2025-09-26T14:37:21","slug":"coroa-flores-do-campo-branca-cod-f-567","status":"publish","type":"product","link":"https:\/\/www.floriculturacheiroverde.com\/novo\/produto\/coroa-flores-do-campo-branca-cod-f-567\/","title":{"rendered":",,Coroa Flores do Campo Branca. Cod. F-567"},"content":{"rendered":"","protected":false},"excerpt":{"rendered":"<p><span style=\"color: #ff0000\"><em><strong>VENDA SOMENTE POR TELEFONE OU DIRETAMENTE NA LOJA.<\/strong><\/em><\/span><\/p>\n<p><span style=\"color: #000000\"><em><strong>Dispon\u00edvel em V\u00e1rias Cores. Verificar disponibilidade<br \/>\nHor\u00e1rio Comercial: 3242-2097 ou 99831-0602 Whats<br \/>\n<span style=\"color: #0000ff\">Plant\u00e3o 24 horas WhatsApp: (48) 99125-8342 ou 99175-1020<\/span><\/strong><\/em><\/span><\/p>\n","protected":false},"featured_media":8401,"template":"","meta":[],"product_brand":[],"product_cat":[166],"product_tag":[],"class_list":{"0":"post-8400","1":"product","2":"type-product","3":"status-publish","4":"has-post-thumbnail","6":"product_cat-coroas-funebres-24h","7":"tm-has-options","9":"first","10":"instock","11":"shipping-taxable","12":"purchasable","13":"product-type-simple"},"yoast_head":"<!-- This site is optimized with the Yoast SEO plugin v26.2 - https:\/\/yoast.com\/wordpress\/plugins\/seo\/ -->\n<title>,,Coroa Flores do Campo Branca. Cod. F-567 - Floricultura Cheiro Verde<\/title>\n<meta name=\"robots\" content=\"index, follow, max-snippet:-1, max-image-preview:large, max-video-preview:-1\" \/>\n<link rel=\"canonical\" href=\"https:\/\/www.floriculturacheiroverde.com\/novo\/produto\/coroa-flores-do-campo-branca-cod-f-567\/\" \/>\n<meta property=\"og:locale\" content=\"pt_BR\" \/>\n<meta property=\"og:type\" content=\"article\" \/>\n<meta property=\"og:title\" content=\",,Coroa Flores do Campo Branca. Cod. F-567 - Floricultura Cheiro Verde\" \/>\n<meta property=\"og:description\" content=\"VENDA SOMENTE POR TELEFONE OU DIRETAMENTE NA LOJA.  Dispon\u00edvel em V\u00e1rias Cores. Verificar disponibilidade Hor\u00e1rio Comercial: 3242-2097 ou 99831-0602 Whats Plant\u00e3o 24 horas WhatsApp: (48) 99125-8342 ou 99175-1020\" \/>\n<meta property=\"og:url\" content=\"https:\/\/www.floriculturacheiroverde.com\/novo\/produto\/coroa-flores-do-campo-branca-cod-f-567\/\" \/>\n<meta property=\"og:site_name\" content=\"Floricultura Cheiro Verde\" \/>\n<meta property=\"og:image\" content=\"https:\/\/www.floriculturacheiroverde.com\/novo\/wp-content\/uploads\/2025\/09\/WhatsApp-Image-2025-09-26-at-11.34.44-scaled.jpeg\" \/>\n\t<meta property=\"og:image:width\" content=\"2237\" \/>\n\t<meta property=\"og:image:height\" content=\"2560\" \/>\n\t<meta property=\"og:image:type\" content=\"image\/jpeg\" \/>\n<meta name=\"twitter:card\" content=\"summary_large_image\" \/>\n<script type=\"application\/ld+json\" class=\"yoast-schema-graph\">{\"@context\":\"https:\/\/schema.org\",\"@graph\":[{\"@type\":\"WebPage\",\"@id\":\"https:\/\/www.floriculturacheiroverde.com\/novo\/produto\/coroa-flores-do-campo-branca-cod-f-567\/\",\"url\":\"https:\/\/www.floriculturacheiroverde.com\/novo\/produto\/coroa-flores-do-campo-branca-cod-f-567\/\",\"name\":\",,Coroa Flores do Campo Branca. Cod. F-567 - Floricultura Cheiro Verde\",\"isPartOf\":{\"@id\":\"https:\/\/www.floriculturacheiroverde.com\/novo\/#website\"},\"primaryImageOfPage\":{\"@id\":\"https:\/\/www.floriculturacheiroverde.com\/novo\/produto\/coroa-flores-do-campo-branca-cod-f-567\/#primaryimage\"},\"image\":{\"@id\":\"https:\/\/www.floriculturacheiroverde.com\/novo\/produto\/coroa-flores-do-campo-branca-cod-f-567\/#primaryimage\"},\"thumbnailUrl\":\"https:\/\/www.floriculturacheiroverde.com\/novo\/wp-content\/uploads\/2025\/09\/WhatsApp-Image-2025-09-26-at-11.34.44-scaled.jpeg\",\"datePublished\":\"2025-09-26T14:37:21+00:00\",\"breadcrumb\":{\"@id\":\"https:\/\/www.floriculturacheiroverde.com\/novo\/produto\/coroa-flores-do-campo-branca-cod-f-567\/#breadcrumb\"},\"inLanguage\":\"pt-BR\",\"potentialAction\":[{\"@type\":\"ReadAction\",\"target\":[\"https:\/\/www.floriculturacheiroverde.com\/novo\/produto\/coroa-flores-do-campo-branca-cod-f-567\/\"]}]},{\"@type\":\"ImageObject\",\"inLanguage\":\"pt-BR\",\"@id\":\"https:\/\/www.floriculturacheiroverde.com\/novo\/produto\/coroa-flores-do-campo-branca-cod-f-567\/#primaryimage\",\"url\":\"https:\/\/www.floriculturacheiroverde.com\/novo\/wp-content\/uploads\/2025\/09\/WhatsApp-Image-2025-09-26-at-11.34.44-scaled.jpeg\",\"contentUrl\":\"https:\/\/www.floriculturacheiroverde.com\/novo\/wp-content\/uploads\/2025\/09\/WhatsApp-Image-2025-09-26-at-11.34.44-scaled.jpeg\",\"width\":2237,\"height\":2560},{\"@type\":\"BreadcrumbList\",\"@id\":\"https:\/\/www.floriculturacheiroverde.com\/novo\/produto\/coroa-flores-do-campo-branca-cod-f-567\/#breadcrumb\",\"itemListElement\":[{\"@type\":\"ListItem\",\"position\":1,\"name\":\"In\u00edcio\",\"item\":\"https:\/\/www.floriculturacheiroverde.com\/novo\/\"},{\"@type\":\"ListItem\",\"position\":2,\"name\":\"Shop\",\"item\":\"https:\/\/www.floriculturacheiroverde.com\/novo\/shop\/\"},{\"@type\":\"ListItem\",\"position\":3,\"name\":\",,Coroa Flores do Campo Branca. Cod. F-567\"}]},{\"@type\":\"WebSite\",\"@id\":\"https:\/\/www.floriculturacheiroverde.com\/novo\/#website\",\"url\":\"https:\/\/www.floriculturacheiroverde.com\/novo\/\",\"name\":\"Floricultura Cheiro Verde\",\"description\":\"Compre Flores Online - Floricultura na Palho\u00e7a\",\"potentialAction\":[{\"@type\":\"SearchAction\",\"target\":{\"@type\":\"EntryPoint\",\"urlTemplate\":\"https:\/\/www.floriculturacheiroverde.com\/novo\/?s={search_term_string}\"},\"query-input\":{\"@type\":\"PropertyValueSpecification\",\"valueRequired\":true,\"valueName\":\"search_term_string\"}}],\"inLanguage\":\"pt-BR\"}]}<\/script>\n<!-- \/ Yoast SEO plugin. -->","yoast_head_json":{"title":",,Coroa Flores do Campo Branca. Cod. F-567 - Floricultura Cheiro Verde","robots":{"index":"index","follow":"follow","max-snippet":"max-snippet:-1","max-image-preview":"max-image-preview:large","max-video-preview":"max-video-preview:-1"},"canonical":"https:\/\/www.floriculturacheiroverde.com\/novo\/produto\/coroa-flores-do-campo-branca-cod-f-567\/","og_locale":"pt_BR","og_type":"article","og_title":",,Coroa Flores do Campo Branca. Cod. F-567 - Floricultura Cheiro Verde","og_description":"VENDA SOMENTE POR TELEFONE OU DIRETAMENTE NA LOJA.  Dispon\u00edvel em V\u00e1rias Cores. Verificar disponibilidade Hor\u00e1rio Comercial: 3242-2097 ou 99831-0602 Whats Plant\u00e3o 24 horas WhatsApp: (48) 99125-8342 ou 99175-1020","og_url":"https:\/\/www.floriculturacheiroverde.com\/novo\/produto\/coroa-flores-do-campo-branca-cod-f-567\/","og_site_name":"Floricultura Cheiro Verde","og_image":[{"width":2237,"height":2560,"url":"https:\/\/www.floriculturacheiroverde.com\/novo\/wp-content\/uploads\/2025\/09\/WhatsApp-Image-2025-09-26-at-11.34.44-scaled.jpeg","type":"image\/jpeg"}],"twitter_card":"summary_large_image","schema":{"@context":"https:\/\/schema.org","@graph":[{"@type":"WebPage","@id":"https:\/\/www.floriculturacheiroverde.com\/novo\/produto\/coroa-flores-do-campo-branca-cod-f-567\/","url":"https:\/\/www.floriculturacheiroverde.com\/novo\/produto\/coroa-flores-do-campo-branca-cod-f-567\/","name":",,Coroa Flores do Campo Branca. Cod. F-567 - Floricultura Cheiro Verde","isPartOf":{"@id":"https:\/\/www.floriculturacheiroverde.com\/novo\/#website"},"primaryImageOfPage":{"@id":"https:\/\/www.floriculturacheiroverde.com\/novo\/produto\/coroa-flores-do-campo-branca-cod-f-567\/#primaryimage"},"image":{"@id":"https:\/\/www.floriculturacheiroverde.com\/novo\/produto\/coroa-flores-do-campo-branca-cod-f-567\/#primaryimage"},"thumbnailUrl":"https:\/\/www.floriculturacheiroverde.com\/novo\/wp-content\/uploads\/2025\/09\/WhatsApp-Image-2025-09-26-at-11.34.44-scaled.jpeg","datePublished":"2025-09-26T14:37:21+00:00","breadcrumb":{"@id":"https:\/\/www.floriculturacheiroverde.com\/novo\/produto\/coroa-flores-do-campo-branca-cod-f-567\/#breadcrumb"},"inLanguage":"pt-BR","potentialAction":[{"@type":"ReadAction","target":["https:\/\/www.floriculturacheiroverde.com\/novo\/produto\/coroa-flores-do-campo-branca-cod-f-567\/"]}]},{"@type":"ImageObject","inLanguage":"pt-BR","@id":"https:\/\/www.floriculturacheiroverde.com\/novo\/produto\/coroa-flores-do-campo-branca-cod-f-567\/#primaryimage","url":"https:\/\/www.floriculturacheiroverde.com\/novo\/wp-content\/uploads\/2025\/09\/WhatsApp-Image-2025-09-26-at-11.34.44-scaled.jpeg","contentUrl":"https:\/\/www.floriculturacheiroverde.com\/novo\/wp-content\/uploads\/2025\/09\/WhatsApp-Image-2025-09-26-at-11.34.44-scaled.jpeg","width":2237,"height":2560},{"@type":"BreadcrumbList","@id":"https:\/\/www.floriculturacheiroverde.com\/novo\/produto\/coroa-flores-do-campo-branca-cod-f-567\/#breadcrumb","itemListElement":[{"@type":"ListItem","position":1,"name":"In\u00edcio","item":"https:\/\/www.floriculturacheiroverde.com\/novo\/"},{"@type":"ListItem","position":2,"name":"Shop","item":"https:\/\/www.floriculturacheiroverde.com\/novo\/shop\/"},{"@type":"ListItem","position":3,"name":",,Coroa Flores do Campo Branca. Cod. F-567"}]},{"@type":"WebSite","@id":"https:\/\/www.floriculturacheiroverde.com\/novo\/#website","url":"https:\/\/www.floriculturacheiroverde.com\/novo\/","name":"Floricultura Cheiro Verde","description":"Compre Flores Online - Floricultura na Palho\u00e7a","potentialAction":[{"@type":"SearchAction","target":{"@type":"EntryPoint","urlTemplate":"https:\/\/www.floriculturacheiroverde.com\/novo\/?s={search_term_string}"},"query-input":{"@type":"PropertyValueSpecification","valueRequired":true,"valueName":"search_term_string"}}],"inLanguage":"pt-BR"}]}},"_links":{"self":[{"href":"https:\/\/www.floriculturacheiroverde.com\/novo\/wp-json\/wp\/v2\/product\/8400","targetHints":{"allow":["GET"]}}],"collection":[{"href":"https:\/\/www.floriculturacheiroverde.com\/novo\/wp-json\/wp\/v2\/product"}],"about":[{"href":"https:\/\/www.floriculturacheiroverde.com\/novo\/wp-json\/wp\/v2\/types\/product"}],"wp:featuredmedia":[{"embeddable":true,"href":"https:\/\/www.floriculturacheiroverde.com\/novo\/wp-json\/wp\/v2\/media\/8401"}],"wp:attachment":[{"href":"https:\/\/www.floriculturacheiroverde.com\/novo\/wp-json\/wp\/v2\/media?parent=8400"}],"wp:term":[{"taxonomy":"product_brand","embeddable":true,"href":"https:\/\/www.floriculturacheiroverde.com\/novo\/wp-json\/wp\/v2\/product_brand?post=8400"},{"taxonomy":"product_cat","embeddable":true,"href":"https:\/\/www.floriculturacheiroverde.com\/novo\/wp-json\/wp\/v2\/product_cat?post=8400"},{"taxonomy":"product_tag","embeddable":true,"href":"https:\/\/www.floriculturacheiroverde.com\/novo\/wp-json\/wp\/v2\/product_tag?post=8400"}],"curies":[{"name":"wp","href":"https:\/\/api.w.org\/{rel}","templated":true}]}}