{"id":7707,"date":"2015-07-17T11:01:07","date_gmt":"2015-07-17T14:01:07","guid":{"rendered":"https:\/\/www.floriculturacheiroverde.com\/novo\/?post_type=product&#038;p=7707"},"modified":"2025-09-12T16:47:27","modified_gmt":"2025-09-12T19:47:27","slug":"buque-de-noiva-com-rosas-champanhe-cod-b-011","status":"publish","type":"product","link":"https:\/\/www.floriculturacheiroverde.com\/novo\/produto\/buque-de-noiva-com-rosas-champanhe-cod-b-011\/","title":{"rendered":"Buqu\u00ea de Noiva com Rosas Champanhe Cod. S-018"},"content":{"rendered":"","protected":false},"excerpt":{"rendered":"<p><span style=\"color: #000000\"><strong>Buqu\u00ea de Noiva com Rosas\u00a0e Mosquitinhos, com la\u00e7o de cetins branco.<\/strong><\/span><\/p>\n<p><span style=\"color: #000000\"><strong>Buqu\u00ea para Ensaio com 10 Rosas R$ 165,00 (ensaio fotogr\u00e1fico)<\/strong><\/span><\/p>\n<p><span style=\"color: #000000\"><strong>Buqu\u00ea Tradicional com 25 rosas: R$ 275,00 (tamanho comum\/tradicional) IMAGEM DA FOTO \u00c9 COM 25 ROSAS<\/strong><\/span><\/p>\n<p><span style=\"color: #000000\"><strong>Buqu\u00ea Tradicional com 35 Rosas : R$ 365,00 (para noivas altas)<\/strong><\/span><\/p>\n<p><span style=\"color: #ff0000\">Encomenda apenas por telefone ou diretamente na loja, com pagamento antecipado.<\/span><\/p>\n<p><span style=\"color: #000000\">Veja alguns eventos decorados clicando\u00a0<a style=\"color: #000000\" href=\"http:\/\/www.floriculturacheiroverde.com\/galeria-de-eventos\/\">aqui<\/a><\/span><\/p>\n","protected":false},"featured_media":4156,"template":"","meta":[],"product_brand":[],"product_cat":[160],"product_tag":[],"class_list":{"0":"post-7707","1":"product","2":"type-product","3":"status-publish","4":"has-post-thumbnail","6":"product_cat-buque-de-noiva","7":"tm-has-options","9":"first","10":"instock","11":"shipping-taxable","12":"purchasable","13":"product-type-simple"},"yoast_head":"<!-- This site is optimized with the Yoast SEO plugin v26.2 - https:\/\/yoast.com\/wordpress\/plugins\/seo\/ -->\n<title>Buqu\u00ea de Noiva com Rosas Champanhe Cod. S-018 - Floricultura Cheiro Verde<\/title>\n<meta name=\"robots\" content=\"index, follow, max-snippet:-1, max-image-preview:large, max-video-preview:-1\" \/>\n<link rel=\"canonical\" href=\"https:\/\/www.floriculturacheiroverde.com\/novo\/produto\/buque-de-noiva-com-rosas-champanhe-cod-b-011\/\" \/>\n<meta property=\"og:locale\" content=\"pt_BR\" \/>\n<meta property=\"og:type\" content=\"article\" \/>\n<meta property=\"og:title\" content=\"Buqu\u00ea de Noiva com Rosas Champanhe Cod. S-018 - Floricultura Cheiro Verde\" \/>\n<meta property=\"og:description\" content=\"Buqu\u00ea de Noiva com Rosas\u00a0e Mosquitinhos, com la\u00e7o de cetins branco.  Buqu\u00ea para Ensaio com 10 Rosas R$ 165,00 (ensaio fotogr\u00e1fico)  Buqu\u00ea Tradicional com 25 rosas: R$ 275,00 (tamanho comum\/tradicional) IMAGEM DA FOTO \u00c9 COM 25 ROSAS  Buqu\u00ea Tradicional com 35 Rosas : R$ 365,00 (para noivas altas)  Encomenda apenas por telefone ou diretamente na loja, com pagamento antecipado.  Veja alguns eventos decorados clicando\u00a0aqui\" \/>\n<meta property=\"og:url\" content=\"https:\/\/www.floriculturacheiroverde.com\/novo\/produto\/buque-de-noiva-com-rosas-champanhe-cod-b-011\/\" \/>\n<meta property=\"og:site_name\" content=\"Floricultura Cheiro Verde\" \/>\n<meta property=\"article:modified_time\" content=\"2025-09-12T19:47:27+00:00\" \/>\n<meta property=\"og:image\" content=\"https:\/\/www.floriculturacheiroverde.com\/novo\/wp-content\/uploads\/2025\/04\/Buque-de-Noiva-com-Rosas-Champanhe-2.jpg\" \/>\n\t<meta property=\"og:image:width\" content=\"1200\" \/>\n\t<meta property=\"og:image:height\" content=\"1200\" \/>\n\t<meta property=\"og:image:type\" content=\"image\/jpeg\" \/>\n<meta name=\"twitter:card\" content=\"summary_large_image\" \/>\n<script type=\"application\/ld+json\" class=\"yoast-schema-graph\">{\"@context\":\"https:\/\/schema.org\",\"@graph\":[{\"@type\":\"WebPage\",\"@id\":\"https:\/\/www.floriculturacheiroverde.com\/novo\/produto\/buque-de-noiva-com-rosas-champanhe-cod-b-011\/\",\"url\":\"https:\/\/www.floriculturacheiroverde.com\/novo\/produto\/buque-de-noiva-com-rosas-champanhe-cod-b-011\/\",\"name\":\"Buqu\u00ea de Noiva com Rosas Champanhe Cod. S-018 - Floricultura Cheiro Verde\",\"isPartOf\":{\"@id\":\"https:\/\/www.floriculturacheiroverde.com\/novo\/#website\"},\"primaryImageOfPage\":{\"@id\":\"https:\/\/www.floriculturacheiroverde.com\/novo\/produto\/buque-de-noiva-com-rosas-champanhe-cod-b-011\/#primaryimage\"},\"image\":{\"@id\":\"https:\/\/www.floriculturacheiroverde.com\/novo\/produto\/buque-de-noiva-com-rosas-champanhe-cod-b-011\/#primaryimage\"},\"thumbnailUrl\":\"https:\/\/www.floriculturacheiroverde.com\/novo\/wp-content\/uploads\/2025\/04\/Buque-de-Noiva-com-Rosas-Champanhe-2.jpg\",\"datePublished\":\"2015-07-17T14:01:07+00:00\",\"dateModified\":\"2025-09-12T19:47:27+00:00\",\"breadcrumb\":{\"@id\":\"https:\/\/www.floriculturacheiroverde.com\/novo\/produto\/buque-de-noiva-com-rosas-champanhe-cod-b-011\/#breadcrumb\"},\"inLanguage\":\"pt-BR\",\"potentialAction\":[{\"@type\":\"ReadAction\",\"target\":[\"https:\/\/www.floriculturacheiroverde.com\/novo\/produto\/buque-de-noiva-com-rosas-champanhe-cod-b-011\/\"]}]},{\"@type\":\"ImageObject\",\"inLanguage\":\"pt-BR\",\"@id\":\"https:\/\/www.floriculturacheiroverde.com\/novo\/produto\/buque-de-noiva-com-rosas-champanhe-cod-b-011\/#primaryimage\",\"url\":\"https:\/\/www.floriculturacheiroverde.com\/novo\/wp-content\/uploads\/2025\/04\/Buque-de-Noiva-com-Rosas-Champanhe-2.jpg\",\"contentUrl\":\"https:\/\/www.floriculturacheiroverde.com\/novo\/wp-content\/uploads\/2025\/04\/Buque-de-Noiva-com-Rosas-Champanhe-2.jpg\",\"width\":1200,\"height\":1200},{\"@type\":\"BreadcrumbList\",\"@id\":\"https:\/\/www.floriculturacheiroverde.com\/novo\/produto\/buque-de-noiva-com-rosas-champanhe-cod-b-011\/#breadcrumb\",\"itemListElement\":[{\"@type\":\"ListItem\",\"position\":1,\"name\":\"In\u00edcio\",\"item\":\"https:\/\/www.floriculturacheiroverde.com\/novo\/\"},{\"@type\":\"ListItem\",\"position\":2,\"name\":\"Shop\",\"item\":\"https:\/\/www.floriculturacheiroverde.com\/novo\/shop\/\"},{\"@type\":\"ListItem\",\"position\":3,\"name\":\"Buqu\u00ea de Noiva com Rosas Champanhe Cod. S-018\"}]},{\"@type\":\"WebSite\",\"@id\":\"https:\/\/www.floriculturacheiroverde.com\/novo\/#website\",\"url\":\"https:\/\/www.floriculturacheiroverde.com\/novo\/\",\"name\":\"Floricultura Cheiro Verde\",\"description\":\"Compre Flores Online - Floricultura na Palho\u00e7a\",\"potentialAction\":[{\"@type\":\"SearchAction\",\"target\":{\"@type\":\"EntryPoint\",\"urlTemplate\":\"https:\/\/www.floriculturacheiroverde.com\/novo\/?s={search_term_string}\"},\"query-input\":{\"@type\":\"PropertyValueSpecification\",\"valueRequired\":true,\"valueName\":\"search_term_string\"}}],\"inLanguage\":\"pt-BR\"}]}<\/script>\n<!-- \/ Yoast SEO plugin. -->","yoast_head_json":{"title":"Buqu\u00ea de Noiva com Rosas Champanhe Cod. S-018 - Floricultura Cheiro Verde","robots":{"index":"index","follow":"follow","max-snippet":"max-snippet:-1","max-image-preview":"max-image-preview:large","max-video-preview":"max-video-preview:-1"},"canonical":"https:\/\/www.floriculturacheiroverde.com\/novo\/produto\/buque-de-noiva-com-rosas-champanhe-cod-b-011\/","og_locale":"pt_BR","og_type":"article","og_title":"Buqu\u00ea de Noiva com Rosas Champanhe Cod. S-018 - Floricultura Cheiro Verde","og_description":"Buqu\u00ea de Noiva com Rosas\u00a0e Mosquitinhos, com la\u00e7o de cetins branco.  Buqu\u00ea para Ensaio com 10 Rosas R$ 165,00 (ensaio fotogr\u00e1fico)  Buqu\u00ea Tradicional com 25 rosas: R$ 275,00 (tamanho comum\/tradicional) IMAGEM DA FOTO \u00c9 COM 25 ROSAS  Buqu\u00ea Tradicional com 35 Rosas : R$ 365,00 (para noivas altas)  Encomenda apenas por telefone ou diretamente na loja, com pagamento antecipado.  Veja alguns eventos decorados clicando\u00a0aqui","og_url":"https:\/\/www.floriculturacheiroverde.com\/novo\/produto\/buque-de-noiva-com-rosas-champanhe-cod-b-011\/","og_site_name":"Floricultura Cheiro Verde","article_modified_time":"2025-09-12T19:47:27+00:00","og_image":[{"width":1200,"height":1200,"url":"https:\/\/www.floriculturacheiroverde.com\/novo\/wp-content\/uploads\/2025\/04\/Buque-de-Noiva-com-Rosas-Champanhe-2.jpg","type":"image\/jpeg"}],"twitter_card":"summary_large_image","schema":{"@context":"https:\/\/schema.org","@graph":[{"@type":"WebPage","@id":"https:\/\/www.floriculturacheiroverde.com\/novo\/produto\/buque-de-noiva-com-rosas-champanhe-cod-b-011\/","url":"https:\/\/www.floriculturacheiroverde.com\/novo\/produto\/buque-de-noiva-com-rosas-champanhe-cod-b-011\/","name":"Buqu\u00ea de Noiva com Rosas Champanhe Cod. S-018 - Floricultura Cheiro Verde","isPartOf":{"@id":"https:\/\/www.floriculturacheiroverde.com\/novo\/#website"},"primaryImageOfPage":{"@id":"https:\/\/www.floriculturacheiroverde.com\/novo\/produto\/buque-de-noiva-com-rosas-champanhe-cod-b-011\/#primaryimage"},"image":{"@id":"https:\/\/www.floriculturacheiroverde.com\/novo\/produto\/buque-de-noiva-com-rosas-champanhe-cod-b-011\/#primaryimage"},"thumbnailUrl":"https:\/\/www.floriculturacheiroverde.com\/novo\/wp-content\/uploads\/2025\/04\/Buque-de-Noiva-com-Rosas-Champanhe-2.jpg","datePublished":"2015-07-17T14:01:07+00:00","dateModified":"2025-09-12T19:47:27+00:00","breadcrumb":{"@id":"https:\/\/www.floriculturacheiroverde.com\/novo\/produto\/buque-de-noiva-com-rosas-champanhe-cod-b-011\/#breadcrumb"},"inLanguage":"pt-BR","potentialAction":[{"@type":"ReadAction","target":["https:\/\/www.floriculturacheiroverde.com\/novo\/produto\/buque-de-noiva-com-rosas-champanhe-cod-b-011\/"]}]},{"@type":"ImageObject","inLanguage":"pt-BR","@id":"https:\/\/www.floriculturacheiroverde.com\/novo\/produto\/buque-de-noiva-com-rosas-champanhe-cod-b-011\/#primaryimage","url":"https:\/\/www.floriculturacheiroverde.com\/novo\/wp-content\/uploads\/2025\/04\/Buque-de-Noiva-com-Rosas-Champanhe-2.jpg","contentUrl":"https:\/\/www.floriculturacheiroverde.com\/novo\/wp-content\/uploads\/2025\/04\/Buque-de-Noiva-com-Rosas-Champanhe-2.jpg","width":1200,"height":1200},{"@type":"BreadcrumbList","@id":"https:\/\/www.floriculturacheiroverde.com\/novo\/produto\/buque-de-noiva-com-rosas-champanhe-cod-b-011\/#breadcrumb","itemListElement":[{"@type":"ListItem","position":1,"name":"In\u00edcio","item":"https:\/\/www.floriculturacheiroverde.com\/novo\/"},{"@type":"ListItem","position":2,"name":"Shop","item":"https:\/\/www.floriculturacheiroverde.com\/novo\/shop\/"},{"@type":"ListItem","position":3,"name":"Buqu\u00ea de Noiva com Rosas Champanhe Cod. S-018"}]},{"@type":"WebSite","@id":"https:\/\/www.floriculturacheiroverde.com\/novo\/#website","url":"https:\/\/www.floriculturacheiroverde.com\/novo\/","name":"Floricultura Cheiro Verde","description":"Compre Flores Online - Floricultura na Palho\u00e7a","potentialAction":[{"@type":"SearchAction","target":{"@type":"EntryPoint","urlTemplate":"https:\/\/www.floriculturacheiroverde.com\/novo\/?s={search_term_string}"},"query-input":{"@type":"PropertyValueSpecification","valueRequired":true,"valueName":"search_term_string"}}],"inLanguage":"pt-BR"}]}},"_links":{"self":[{"href":"https:\/\/www.floriculturacheiroverde.com\/novo\/wp-json\/wp\/v2\/product\/7707","targetHints":{"allow":["GET"]}}],"collection":[{"href":"https:\/\/www.floriculturacheiroverde.com\/novo\/wp-json\/wp\/v2\/product"}],"about":[{"href":"https:\/\/www.floriculturacheiroverde.com\/novo\/wp-json\/wp\/v2\/types\/product"}],"wp:featuredmedia":[{"embeddable":true,"href":"https:\/\/www.floriculturacheiroverde.com\/novo\/wp-json\/wp\/v2\/media\/4156"}],"wp:attachment":[{"href":"https:\/\/www.floriculturacheiroverde.com\/novo\/wp-json\/wp\/v2\/media?parent=7707"}],"wp:term":[{"taxonomy":"product_brand","embeddable":true,"href":"https:\/\/www.floriculturacheiroverde.com\/novo\/wp-json\/wp\/v2\/product_brand?post=7707"},{"taxonomy":"product_cat","embeddable":true,"href":"https:\/\/www.floriculturacheiroverde.com\/novo\/wp-json\/wp\/v2\/product_cat?post=7707"},{"taxonomy":"product_tag","embeddable":true,"href":"https:\/\/www.floriculturacheiroverde.com\/novo\/wp-json\/wp\/v2\/product_tag?post=7707"}],"curies":[{"name":"wp","href":"https:\/\/api.w.org\/{rel}","templated":true}]}}