{"id":5069,"date":"2021-11-24T16:35:44","date_gmt":"2021-11-24T19:35:44","guid":{"rendered":"https:\/\/www.floriculturacheiroverde.com\/novo\/?post_type=product&#038;p=5069"},"modified":"2026-04-16T10:28:35","modified_gmt":"2026-04-16T13:28:35","slug":"cesta-de-frutas-cod-c-030-2","status":"publish","type":"product","link":"https:\/\/www.floriculturacheiroverde.com\/novo\/produto\/cesta-de-frutas-cod-c-030-2\/","title":{"rendered":"Cesta de Frutas Cod. C-030"},"content":{"rendered":"<p><span style=\"color: #000000\"><strong>*Na aus\u00eancia de um dos produtos, o mesmo ser\u00e1 substitu\u00eddo por outro semelhante.<\/strong><\/span><\/p>\n<p>&nbsp;<\/p>\n","protected":false},"excerpt":{"rendered":"<p><span style=\"color: #000000\"><em><strong>Com 12 tipos de Frutas, em uma bela cesta de vime envernizado e embalado com celofane transparente e la\u00e7o decorativo.<\/strong><\/em><\/span><\/p>\n<p><span style=\"color: #000000\"><em><strong>Cacho de Uva, Carambolas, Mam\u00e3o Papaya, Ma\u00e7\u00e3 Verde , Ma\u00e7\u00e3s Vermelhas , Laranjas Pera, Laranjas , Kiwi, Goiaba, Maracuj\u00e1, Ameixas, Morango e Manga.<\/strong><\/em><\/span><\/p>\n<h4><strong><span style=\"color: #0000ff\">Seu pedido \u00e9 Urgente? Compre agora mesmo pelo WhatsApp. \u00c9 R\u00e1pido e F\u00e1cil.<br \/>\nEntregamos no mesmo dia -&gt; (48) 99831-0602<\/span><\/strong><\/h4>\n","protected":false},"featured_media":5070,"template":"","meta":[],"product_brand":[],"product_cat":[158,150,157,162,169,154,155,151,164,181,152,168,194,153],"product_tag":[],"class_list":{"0":"post-5069","1":"product","2":"type-product","3":"status-publish","4":"has-post-thumbnail","6":"product_cat-agradecimento","7":"product_cat-aniversario","8":"product_cat-cesta-de-cafe","9":"product_cat-cestas","10":"product_cat-cestas-pequenas","11":"product_cat-dia-das-maes","12":"product_cat-dia-dos-namorados","13":"product_cat-dia-dos-pais","14":"product_cat-infantil","15":"product_cat-lancamentos","16":"product_cat-masculino","17":"product_cat-maternidade","18":"product_cat-natal-magico-2025","19":"product_cat-romantico","20":"tm-has-options","22":"first","23":"instock","24":"featured","25":"shipping-taxable","26":"purchasable","27":"product-type-simple"},"yoast_head":"<!-- This site is optimized with the Yoast SEO plugin v26.2 - https:\/\/yoast.com\/wordpress\/plugins\/seo\/ -->\n<title>Cesta de Frutas Cod. C-030 - Floricultura Cheiro Verde<\/title>\n<meta name=\"robots\" content=\"index, follow, max-snippet:-1, max-image-preview:large, max-video-preview:-1\" \/>\n<link rel=\"canonical\" href=\"https:\/\/www.floriculturacheiroverde.com\/novo\/produto\/cesta-de-frutas-cod-c-030-2\/\" \/>\n<meta property=\"og:locale\" content=\"pt_BR\" \/>\n<meta property=\"og:type\" content=\"article\" \/>\n<meta property=\"og:title\" content=\"Cesta de Frutas Cod. C-030 - Floricultura Cheiro Verde\" \/>\n<meta property=\"og:description\" content=\"Com 12 tipos de Frutas, em uma bela cesta de vime envernizado e embalado com celofane transparente e la\u00e7o decorativo.  Cacho de Uva, Carambolas, Mam\u00e3o Papaya, Ma\u00e7\u00e3 Verde , Ma\u00e7\u00e3s Vermelhas , Laranjas Pera, Laranjas , Kiwi, Goiaba, Maracuj\u00e1, Ameixas, Morango e Manga. Seu pedido \u00e9 Urgente? Compre agora mesmo pelo WhatsApp. \u00c9 R\u00e1pido e F\u00e1cil. Entregamos no mesmo dia -&gt; (48) 99831-0602\" \/>\n<meta property=\"og:url\" content=\"https:\/\/www.floriculturacheiroverde.com\/novo\/produto\/cesta-de-frutas-cod-c-030-2\/\" \/>\n<meta property=\"og:site_name\" content=\"Floricultura Cheiro Verde\" \/>\n<meta property=\"article:modified_time\" content=\"2026-04-16T13:28:35+00:00\" \/>\n<meta property=\"og:image\" content=\"https:\/\/www.floriculturacheiroverde.com\/novo\/wp-content\/uploads\/2025\/04\/A3043103-AEA1-485D-9C33-FD40502CFBB5-scaled-1.jpeg\" \/>\n\t<meta property=\"og:image:width\" content=\"2560\" \/>\n\t<meta property=\"og:image:height\" content=\"2560\" \/>\n\t<meta property=\"og:image:type\" content=\"image\/jpeg\" \/>\n<meta name=\"twitter:card\" content=\"summary_large_image\" \/>\n<meta name=\"twitter:label1\" content=\"Est. tempo de leitura\" \/>\n\t<meta name=\"twitter:data1\" content=\"1 minuto\" \/>\n<script type=\"application\/ld+json\" class=\"yoast-schema-graph\">{\"@context\":\"https:\/\/schema.org\",\"@graph\":[{\"@type\":\"WebPage\",\"@id\":\"https:\/\/www.floriculturacheiroverde.com\/novo\/produto\/cesta-de-frutas-cod-c-030-2\/\",\"url\":\"https:\/\/www.floriculturacheiroverde.com\/novo\/produto\/cesta-de-frutas-cod-c-030-2\/\",\"name\":\"Cesta de Frutas Cod. C-030 - Floricultura Cheiro Verde\",\"isPartOf\":{\"@id\":\"https:\/\/www.floriculturacheiroverde.com\/novo\/#website\"},\"primaryImageOfPage\":{\"@id\":\"https:\/\/www.floriculturacheiroverde.com\/novo\/produto\/cesta-de-frutas-cod-c-030-2\/#primaryimage\"},\"image\":{\"@id\":\"https:\/\/www.floriculturacheiroverde.com\/novo\/produto\/cesta-de-frutas-cod-c-030-2\/#primaryimage\"},\"thumbnailUrl\":\"https:\/\/www.floriculturacheiroverde.com\/novo\/wp-content\/uploads\/2025\/04\/A3043103-AEA1-485D-9C33-FD40502CFBB5-scaled-1.jpeg\",\"datePublished\":\"2021-11-24T19:35:44+00:00\",\"dateModified\":\"2026-04-16T13:28:35+00:00\",\"breadcrumb\":{\"@id\":\"https:\/\/www.floriculturacheiroverde.com\/novo\/produto\/cesta-de-frutas-cod-c-030-2\/#breadcrumb\"},\"inLanguage\":\"pt-BR\",\"potentialAction\":[{\"@type\":\"ReadAction\",\"target\":[\"https:\/\/www.floriculturacheiroverde.com\/novo\/produto\/cesta-de-frutas-cod-c-030-2\/\"]}]},{\"@type\":\"ImageObject\",\"inLanguage\":\"pt-BR\",\"@id\":\"https:\/\/www.floriculturacheiroverde.com\/novo\/produto\/cesta-de-frutas-cod-c-030-2\/#primaryimage\",\"url\":\"https:\/\/www.floriculturacheiroverde.com\/novo\/wp-content\/uploads\/2025\/04\/A3043103-AEA1-485D-9C33-FD40502CFBB5-scaled-1.jpeg\",\"contentUrl\":\"https:\/\/www.floriculturacheiroverde.com\/novo\/wp-content\/uploads\/2025\/04\/A3043103-AEA1-485D-9C33-FD40502CFBB5-scaled-1.jpeg\",\"width\":2560,\"height\":2560},{\"@type\":\"BreadcrumbList\",\"@id\":\"https:\/\/www.floriculturacheiroverde.com\/novo\/produto\/cesta-de-frutas-cod-c-030-2\/#breadcrumb\",\"itemListElement\":[{\"@type\":\"ListItem\",\"position\":1,\"name\":\"In\u00edcio\",\"item\":\"https:\/\/www.floriculturacheiroverde.com\/novo\/\"},{\"@type\":\"ListItem\",\"position\":2,\"name\":\"Shop\",\"item\":\"https:\/\/www.floriculturacheiroverde.com\/novo\/shop\/\"},{\"@type\":\"ListItem\",\"position\":3,\"name\":\"Cesta de Frutas Cod. C-030\"}]},{\"@type\":\"WebSite\",\"@id\":\"https:\/\/www.floriculturacheiroverde.com\/novo\/#website\",\"url\":\"https:\/\/www.floriculturacheiroverde.com\/novo\/\",\"name\":\"Floricultura Cheiro Verde\",\"description\":\"Compre Flores Online - Floricultura na Palho\u00e7a\",\"potentialAction\":[{\"@type\":\"SearchAction\",\"target\":{\"@type\":\"EntryPoint\",\"urlTemplate\":\"https:\/\/www.floriculturacheiroverde.com\/novo\/?s={search_term_string}\"},\"query-input\":{\"@type\":\"PropertyValueSpecification\",\"valueRequired\":true,\"valueName\":\"search_term_string\"}}],\"inLanguage\":\"pt-BR\"}]}<\/script>\n<!-- \/ Yoast SEO plugin. -->","yoast_head_json":{"title":"Cesta de Frutas Cod. C-030 - Floricultura Cheiro Verde","robots":{"index":"index","follow":"follow","max-snippet":"max-snippet:-1","max-image-preview":"max-image-preview:large","max-video-preview":"max-video-preview:-1"},"canonical":"https:\/\/www.floriculturacheiroverde.com\/novo\/produto\/cesta-de-frutas-cod-c-030-2\/","og_locale":"pt_BR","og_type":"article","og_title":"Cesta de Frutas Cod. C-030 - Floricultura Cheiro Verde","og_description":"Com 12 tipos de Frutas, em uma bela cesta de vime envernizado e embalado com celofane transparente e la\u00e7o decorativo.  Cacho de Uva, Carambolas, Mam\u00e3o Papaya, Ma\u00e7\u00e3 Verde , Ma\u00e7\u00e3s Vermelhas , Laranjas Pera, Laranjas , Kiwi, Goiaba, Maracuj\u00e1, Ameixas, Morango e Manga. Seu pedido \u00e9 Urgente? Compre agora mesmo pelo WhatsApp. \u00c9 R\u00e1pido e F\u00e1cil. Entregamos no mesmo dia -&gt; (48) 99831-0602","og_url":"https:\/\/www.floriculturacheiroverde.com\/novo\/produto\/cesta-de-frutas-cod-c-030-2\/","og_site_name":"Floricultura Cheiro Verde","article_modified_time":"2026-04-16T13:28:35+00:00","og_image":[{"width":2560,"height":2560,"url":"https:\/\/www.floriculturacheiroverde.com\/novo\/wp-content\/uploads\/2025\/04\/A3043103-AEA1-485D-9C33-FD40502CFBB5-scaled-1.jpeg","type":"image\/jpeg"}],"twitter_card":"summary_large_image","twitter_misc":{"Est. tempo de leitura":"1 minuto"},"schema":{"@context":"https:\/\/schema.org","@graph":[{"@type":"WebPage","@id":"https:\/\/www.floriculturacheiroverde.com\/novo\/produto\/cesta-de-frutas-cod-c-030-2\/","url":"https:\/\/www.floriculturacheiroverde.com\/novo\/produto\/cesta-de-frutas-cod-c-030-2\/","name":"Cesta de Frutas Cod. C-030 - Floricultura Cheiro Verde","isPartOf":{"@id":"https:\/\/www.floriculturacheiroverde.com\/novo\/#website"},"primaryImageOfPage":{"@id":"https:\/\/www.floriculturacheiroverde.com\/novo\/produto\/cesta-de-frutas-cod-c-030-2\/#primaryimage"},"image":{"@id":"https:\/\/www.floriculturacheiroverde.com\/novo\/produto\/cesta-de-frutas-cod-c-030-2\/#primaryimage"},"thumbnailUrl":"https:\/\/www.floriculturacheiroverde.com\/novo\/wp-content\/uploads\/2025\/04\/A3043103-AEA1-485D-9C33-FD40502CFBB5-scaled-1.jpeg","datePublished":"2021-11-24T19:35:44+00:00","dateModified":"2026-04-16T13:28:35+00:00","breadcrumb":{"@id":"https:\/\/www.floriculturacheiroverde.com\/novo\/produto\/cesta-de-frutas-cod-c-030-2\/#breadcrumb"},"inLanguage":"pt-BR","potentialAction":[{"@type":"ReadAction","target":["https:\/\/www.floriculturacheiroverde.com\/novo\/produto\/cesta-de-frutas-cod-c-030-2\/"]}]},{"@type":"ImageObject","inLanguage":"pt-BR","@id":"https:\/\/www.floriculturacheiroverde.com\/novo\/produto\/cesta-de-frutas-cod-c-030-2\/#primaryimage","url":"https:\/\/www.floriculturacheiroverde.com\/novo\/wp-content\/uploads\/2025\/04\/A3043103-AEA1-485D-9C33-FD40502CFBB5-scaled-1.jpeg","contentUrl":"https:\/\/www.floriculturacheiroverde.com\/novo\/wp-content\/uploads\/2025\/04\/A3043103-AEA1-485D-9C33-FD40502CFBB5-scaled-1.jpeg","width":2560,"height":2560},{"@type":"BreadcrumbList","@id":"https:\/\/www.floriculturacheiroverde.com\/novo\/produto\/cesta-de-frutas-cod-c-030-2\/#breadcrumb","itemListElement":[{"@type":"ListItem","position":1,"name":"In\u00edcio","item":"https:\/\/www.floriculturacheiroverde.com\/novo\/"},{"@type":"ListItem","position":2,"name":"Shop","item":"https:\/\/www.floriculturacheiroverde.com\/novo\/shop\/"},{"@type":"ListItem","position":3,"name":"Cesta de Frutas Cod. C-030"}]},{"@type":"WebSite","@id":"https:\/\/www.floriculturacheiroverde.com\/novo\/#website","url":"https:\/\/www.floriculturacheiroverde.com\/novo\/","name":"Floricultura Cheiro Verde","description":"Compre Flores Online - Floricultura na Palho\u00e7a","potentialAction":[{"@type":"SearchAction","target":{"@type":"EntryPoint","urlTemplate":"https:\/\/www.floriculturacheiroverde.com\/novo\/?s={search_term_string}"},"query-input":{"@type":"PropertyValueSpecification","valueRequired":true,"valueName":"search_term_string"}}],"inLanguage":"pt-BR"}]}},"_links":{"self":[{"href":"https:\/\/www.floriculturacheiroverde.com\/novo\/wp-json\/wp\/v2\/product\/5069","targetHints":{"allow":["GET"]}}],"collection":[{"href":"https:\/\/www.floriculturacheiroverde.com\/novo\/wp-json\/wp\/v2\/product"}],"about":[{"href":"https:\/\/www.floriculturacheiroverde.com\/novo\/wp-json\/wp\/v2\/types\/product"}],"wp:featuredmedia":[{"embeddable":true,"href":"https:\/\/www.floriculturacheiroverde.com\/novo\/wp-json\/wp\/v2\/media\/5070"}],"wp:attachment":[{"href":"https:\/\/www.floriculturacheiroverde.com\/novo\/wp-json\/wp\/v2\/media?parent=5069"}],"wp:term":[{"taxonomy":"product_brand","embeddable":true,"href":"https:\/\/www.floriculturacheiroverde.com\/novo\/wp-json\/wp\/v2\/product_brand?post=5069"},{"taxonomy":"product_cat","embeddable":true,"href":"https:\/\/www.floriculturacheiroverde.com\/novo\/wp-json\/wp\/v2\/product_cat?post=5069"},{"taxonomy":"product_tag","embeddable":true,"href":"https:\/\/www.floriculturacheiroverde.com\/novo\/wp-json\/wp\/v2\/product_tag?post=5069"}],"curies":[{"name":"wp","href":"https:\/\/api.w.org\/{rel}","templated":true}]}}